121021101?
121021110
In base 16, what is a8c - 2ce?
7be
In base 3, what is -22200010202 - 12?
-22200010221
In base 6, what is -23312105 - 4?
-23312113
In base 9, what is -661 - 158?
-830
In base 4, what is -2132310 + 0?
-2132310
In base 6, what is 4 - -231112?
231120
In base 14, what is -260b - -100?
-250b
In base 9, what is -1446 + 5265?
3718
In base 11, what is -13047 + 3?
-13044
In base 4, what is -2011311 - -11211?
-2000100
In base 4, what is -2312232 + -232?
-2313130
In base 2, what is 11 + -1111101100010?
-1111101011111
In base 16, what is 3fe6 + 1?
3fe7
In base 9, what is 26104 + 18?
26123
In base 3, what is 2122 + 120022020?
120101212
In base 2, what is 100100001 - 100111?
11111010
In base 16, what is -9 - 4b4c?
-4b55
In base 2, what is 1111111111110 + 1010100?
10000001010010
In base 13, what is 3 + -2c378?
-2c375
In base 11, what is 2803a - 1?
28039
In base 16, what is 135 + 12f?
264
In base 16, what is 0 + -5f545?
-5f545
In base 12, what is 340426 + -1?
340425
In base 9, what is 12727 + 0?
12727
In base 3, what is -121011211 - -101?
-121011110
In base 11, what is -2 + -5223?
-5225
In base 11, what is 1411 + a3?
1504
In base 2, what is 101 - -11?
1000
In base 6, what is -1155534 + -1?
-1155535
In base 3, what is -1001 + 1110102?
1102101
In base 6, what is 4554013 + 0?
4554013
In base 3, what is 2010001 + 1020020?
10100021
In base 8, what is -11167 - -1034?
-10133
In base 7, what is -3 + -42653?
-42656
In base 7, what is -31 - -162416?
162355
In base 6, what is -142003 - -13?
-141550
In base 7, what is 346 - -3430?
4106
In base 7, what is 1243030 + 1?
1243031
In base 11, what is 298 - -224?
511
In base 11, what is -134 + a1?
-43
In base 4, what is -22233323 + -10?
-22233333
In base 8, what is -3 + 4127?
4124
In base 13, what is -20 + 1459?
1439
In base 11, what is -14 - 96353?
-96367
In base 5, what is 30 - 12100?
-12020
In base 7, what is -423 + 153?
-240
In base 3, what is 1 - 1000110011?
-1000110010
In base 7, what is -1000454 + 5?
-1000446
In base 7, what is -13 - 134610?
-134623
In base 6, what is 5 - 20422?
-20413
In base 3, what is 2112220 + -1?
2112212
In base 3, what is 11110 + 211200?
1000010
In base 9, what is 456565 + 3?
456568
In base 15, what is -7 + 1943?
193b
In base 13, what is -42833 - 5?
-42838
In base 7, what is 45 - -2366?
2444
In base 9, what is 8673 - -8?
8682
In base 9, what is 15 + -1470?
-1454
In base 2, what is -1001000001011 + 111?
-1001000000100
In base 2, what is 11001010100101010 - -1?
11001010100101011
In base 15, what is -53 - 3346?
-3399
In base 3, what is 110100 - 121?
102202
In base 16, what is 106 + 2f?
135
In base 7, what is -1664324 + -5?
-1664332
In base 10, what is 71 - -8201?
8272
In base 10, what is -3526 + -21?
-3547
In base 16, what is 60 - -1b99?
1bf9
In base 2, what is 100111100111 + 11?
100111101010
In base 3, what is 1210201102 + 21?
1210201200
In base 10, what is -21562 + 23?
-21539
In base 14, what is -798b - -1?
-798a
In base 15, what is -11559 + 8?
-11551
In base 5, what is 2321 + -4202?
-1331
In base 13, what is 23c9 + 267?
2663
In base 2, what is 1011111011 + 110110100?
10010101111
In base 14, what is -3d0b - 8?
-3d15
In base 11, what is 2974a + -5?
29745
In base 15, what is 806 + 192?
998
In base 2, what is -1 + 10100011000100110010?
10100011000100110001
In base 15, what is 2 + c9aa?
c9ac
In base 15, what is -16166 - 3?
-16169
In base 12, what is 5 + -3670a2?
-367099
In base 5, what is -3 + -1223423?
-1223431
In base 2, what is 11011001011 - -1000?
11011010011
In base 14, what is c - 2d0b?
-2cdd
In base 12, what is -1303b9 - -4?
-1303b5
In base 5, what is -21141313 - -1?
-21141312
In base 7, what is 5 - 14220?
-14212
In base 7, what is -1 + -1400101?
-1400102
In base 13, what is 1601c4 - 1?
1601c3
In base 16, what is -e - f36?
-f44
In base 14, what is -17753 + 8?
-17749
In base 9, what is 2288745 + 5?
2288751
In base 4, what is 10 + -103101110?
-103101100
In base 15, what is -337 - -18c?
-19a
In base 4, what is -202010 - -103202?
-32202
In base 12, what is 542 - -2341?
2883
In base 4, what is -1033 - 13303?
-21002
In base 7, what is 4661 - -426?
5420
In base 2, what is -1101110010001 - 100111?
-1101110111000
In base 12, what is -6036 + 6?
-6030
In base 5, what is 0 - -43410302?
43410302
In base 4, what is -1013010121 - -2?
-1013010113
In base 4, what is -12022000 - -213?
-12021121
In base 6, what is 20 - -430551?
431011
In base 4, what is -10021 + 10321?
300
In base 10, what is -3012 + 255?
-2757
In base 12, what is -3113 - -7?
-3108
In base 3, what is 2012211 + 0?
2012211
In base 7, what is -3 + -56636?
-56642
In base 9, what is 148255 - -6?
148262
In base 3, what is 1110221201 - -10?
1110221211
In base 13, what is -114 + 85?
-5c
In base 10, what is -16 + -29675?
-29691
In base 10, what is 4 + 4464?
4468
In base 14, what is -724c + 3?
-7249
In base 8, what is 156 + -4631?
-4453
In base 5, what is -132 - 41143?
-41330
In base 7, what is -55 + 122355?
122300
In base 12, what is -8524 + 3?
-8521
In base 10, what is 98944 + -1?
98943
In base 11, what is -4a - -1a1?
152
In base 11, what is -11a75 + -62?
-12027
In base 3, what is 11221001221 + 12?
11221002010
In base 12, what is 1b - 140a?
-13ab
In base 4, what is -2303 - -1332?
-311
In base 14, what is -3 + -2db4?
-2db7
In base 9, what is -2 + -286083?
-286085
In base 8, what is -426073 - -6?
-426065
In base 16, what is 20f2 + 1?
20f3
In base 5, what is -1222233434 + 2?
-1222233432
In base 14, what is -4 - 1234b?
-12351
In base 11, what is 3 - -9355?
9358
In base 2, what is 11 - 100000100111111?
-100000100111100
In base 9, what is -6 - 4375?
-4382
In base 14, what is -66 + -971?
-9d7
In base 9, what is 4 + 346474?
346478
In base 10, what is 81966 - 23?
81943
In base 11, what is 190511 - -7?
190518
In base 12, what is 34 + -4a5a6?
-4a572
In base 10, what is 14218 - -12?
14230
In base 10, what is -3110 - 0?
-3110
In base 6, what is -3 - -3101540?
3101533
In base 11, what is 140533 + 3?
140536
In base 10, what is 300 + 3?
303
In base 3, what is 101221201102 + -10?
101221201022
In base 8, what is 50636 + 43?
50701
In base 7, what is 30 - 2504?
-2444
In base 3, what is -1221 - 121201?
-200122
In base 7, what is 4454320 + -1?
4454316
In base 10, what is -3552 + -24?
-3576
In base 15, what is -e0 - -82?
-5d
In base 13, what is -134 - 79?
-1b0
In base 8, what is 20061 - 41?
20020
In base 13, what is -9 - c5420?
-c5429
In base 10, what is -22803 - 14?
-22817
In base 12, what is 4 - -153703?
153707
In base 3, what is 0 + 10000112?
10000112
In base 2, what is -10110 + 1011010111000110?
1011010110110000
In base 4, what is 3 - -1211310110?
1211310113
In base 14, what is -db7d - -2?
-db7b
In base 16, what is 1 + a7c3?
a7c4
In base 6, what is 553 - 35550?
-34553
In base 15, what is -399892 - -1?
-399891
In base 7, what is -15461 + -22?
-15513
In base 2, what is 10 - -10011011110101110?
10011011110110000
In base 7, what is -10014 - -165?
-6516
In base 8, what is -1503 - -211?
-1272
In base 6, what is -1012 + -550?
-2002
In base 10, what is 678 + -3498?
-2820
In base 8, what is -603 + -47?
-652
In base 2, what is 1001111 + 100010110000?
100011111111
In base 12, what is 3063 + -19?
3046
In base 10, what is -96 + -1175?
-1271
In base 12, what is 0 + -4a5598?
-4a5598
In base 2, what is 10001000000100 + -100?
10001000000000
In base 14, what is -42a56 + 10?
-42a46
In base 2, what is -100 + -1001100111011010101?
-1001100111011011001
In base 11, what is 20 + -6097?
-6077
In base 11, what is 6030 - -4?
6034
In base 8, what is 3150635 + 3?
3150640
In base 12, what is 25062 + 10?
25072
In base 8, what is 5 - 4645?
-4640
In base 2, what is -101011001001 - 1?
-101011001010
In base 14, what is -1 - -19a77?
19a76
In base 8, what is -134412 - 3?
-134415
In base 13, what is -258 - 24?
-27c
In base 11, what is -291207 - -4?
-291203
In base 13, what is 16 - -853?
869
In base 3, what is -22001211 - 21?
-22002002
In base 9, what is 13 + -2516?
-2503
In base 15, what is -b110 - -3?
-b10c
In base 16, what is 2a4b + -de?
296d
In base 3, what is 221000 + -2200?
211100
In base 6, what is 42334 + 5?
42343
In base 4, what is -212230002 + 11?
-212223331
In base 4, what is 2013303 + 2?
2013311
In base 8, what is -5 + -54047?
-54054
In base 2, what is -110111001 - 11110011?
-